a(c) = -c**3 + 4*c - 3. Let k be 30/7 - (-58)/(-203). Let j be (2 - 3)*k + (3 - -1). Let d be (-4 - -5)*((4 - j) + -2). Calculate a(d).
-3
Let y(r) = 8*r - 10. Let n be y(4). Let z = -20 + n. Let m(a) = -3*a**2 + a**3 + 0*a + 0*a + 4*a**z - 1. Give m(1).
1
Let z(g) = g**3 - 17*g**2 - 21*g + 41. Let h = -772 + 790. Determine z(h).
-13
Let r(k) = -2*k**3 - 3*k**2 + 7*k + 3. Let m be ((-12)/(-32))/((-17)/136). Determine r(m).
9
Let g(c) = 9*c. Let v(z) be the second derivative of -z**5/20 - 7*z**4/6 - z**3/6 - 13*z**2/2 + z. Let r = -1744 - -1730. Let i be v(r). Give g(i).
9
Suppose -3*y = -16*l + 20*l + 4, 0 = -y - 4*l + 4. Let o(z) = 12*z + 27. Determine o(y).
-21
Let v(c) = c. Suppose -13*z + 88 = -42. Suppose w = 3*o - z, -14 = o + 4*w - 0. Let d(y) = -4*y + 1. Let q(j) = o*d(j) + 4*v(j). Calculate q(2).
-6
Let j(o) = 9*o + 12. Let b be -3*(-32)/(-48)*(-2)/(-4) - 1. Calculate j(b).
-6
Let i(j) be the second derivative of j**4/12 - 8*j**3/3 + 29*j**2/2 - 41*j + 3. Give i(14).
1
Let w(g) = g**3 - 6*g**2 + 5*g - 6. Let r be ((-4)/(-5))/(33/15 - 2). Suppose 0*c = -5*t - 3*c + 37, -c = r*t - 24. What is w(t)?
-6
Let w(q) = 4*q**2 - 2*q - 48. Let l be w(5). Let p(r) = 26 + 10*r**2 + 17 - l. Give p(1).
11
Let u(c) = -8*c**2 + 0 - 5 + 4*c**2 + 6 - c**3 - c. Let k = 15036 - 15039. What is u(k)?
-5
Let o(z) = -z**3 + 13*z**2 - 21*z - 14. Suppose -65*h - 32 = -68*h - v, -3*h + 38 = -5*v. Calculate o(h).
-3
Let q(i) = -i + 36. Let z be q(22). Suppose -2*k + k = -5*g - z, 5*k + 2*g = 124. Let j be (-8)/k*(-2 - -2). Let t(b) = b**2 + 10. What is t(j)?
10
Let o(k) = k**3 - 38*k**2 - 41*k + 84. Let l be o(39). Let r(y) = -6 - l*y - 5 - 4*y + 9*y. What is r(-14)?
3
Let c(d) = -d + 9. Let x be c(2). Suppose -y - 2*z + 12 = 0, 3*y = x*y - z - 21. Let w(s) = s**2 - 5*s + 6*s**2 - s**2 - 5*s**2 - 7. What is w(y)?
-1
Suppose 33 + 19 = 13*g. Let x(d) = -19*d**2 - 16*d + 12. Let b(k) = -7*k**2 - 6*k + 4. Let r(w) = g*x(w) - 11*b(w). Determine r(-2).
4
Let y(g) = 2*g + 50 - 7*g**2 + 22*g**2 + 11*g - 4*g**2 - 10*g**2. What is y(-5)?
10
Let h(n) = 7*n**3. Let r(v) be the first derivative of v**4/4 + v**3 - 2*v**2 + 4*v + 11. Let x be r(-4). Let t be 4/16*-2*(-2 + x). What is h(t)?
-7
Let a(j) be the second derivative of j**3/6 + 5*j**2 + 9*j + 11. Let f = -3 + 12. Let g = f + -9. Determine a(g).
10
Let s(k) be the second derivative of 0*k**3 + 49*k - 2 + 13/12*k**4 + 1/20*k**5 - 2*k**2. Give s(-13).
-4
Let o(p) be the third derivative of -p**4/24 - p**3/3 + p**2 + 4. Let u(q) = 4*q + 6. Let g(x) = -7*o(x) - 2*u(x). Give g(9).
-7
Let d(o) = 21*o - 43. Let j be ((-54)/72)/((-18)/168). Give d(j).
104
Let d(w) be the first derivative of -17 + 3*w**2 - 17 - 2*w + w - 22. Determine d(-3).
-19
Let a(q) = -q**3 + 6*q**2 + 3*q + 8. Let h be (-1)/45*-105*(-18)/(-7). Determine a(h).
26
Let i(m) = m - 5. Let q(p) = p**3 + 10*p**2 + 13*p - 8. Let n be q(-7). Suppose 0 = 3*g - n - 27. Suppose 5*w + g = d, 9*d - 6*d - 3*w - 27 = 0. What is i(d)?
0
Let c(l) = -4*l - 7. Suppose -5*t = -2*h - 160, 9*t = 4*t + 10. Let p be 270/h + (-6)/(-10). What is c(p)?
5
Suppose g + 5*o = 763 - 758, o = -3*g - 13. Let n be 12/10 + 2/(-10). Let d(r) = -r - 1. Let l(k) = -3*k + 1. Let c(y) = n*l(y) - 4*d(y). What is c(g)?
0
Let l = 153 - 103. Suppose -l = -2*s - 40. Suppose 10 = 5*r - 2*a - a, a + 10 = s*r. Let k(n) = -n - 1. What is k(r)?
-3
Let z(p) = 2*p**2 + 18*p - 3 - p**2 - 8*p + 3*p - 5. Suppose -5*a = 5*y + 60, 4*y - 4*a + 38 + 10 = 0. Calculate z(y).
-20
Let y(s) = -5*s**2 + s + 12. Let m be y(0). Let n be 1*5/((-20)/m). Let p(r) = -1 + 3 + 0*r + 2*r. What is p(n)?
-4
Let i(b) be the second derivative of -1/6*b**4 - 8*b + b**2 + 1/6*b**3 - 8 - 1/10*b**5. What is i(-2)?
8
Let s(k) = -k**2 + 4*k + 48. Let b be s(8). Let c(t) = -6*t + b + 9*t - t. Give c(-9).
-2
Suppose 59 = 5*w - 6. Let v(x) = 2163*x**3 - 7*x - 5*x + 14*x**2 - 10 - 2164*x**3. Determine v(w).
3
Suppose 5*l + 16*l = 0. Let w(y) = l - 7 - 32*y + 33*y. What is w(0)?
-7
Let n(m) be the first derivative of 0*m - m**3 - 1/360*m**6 + 18 + 0*m**2 - 1/12*m**4 - 1/20*m**5. Let w(f) be the third derivative of n(f). Calculate w(-6).
-2
Let l(w) = 5*w - 27. Suppose 46*u - 157*u = 35*u - 1606. What is l(u)?
28
Suppose 59*j - 39*j + 160 = 0. Let w(t) = 2*t**2 + 10*t - 11. Calculate w(j).
37
Let g(c) = -c**2 - c - 21. Let l = 306 - 306. Let n be ((-8)/15 - 3/(-15))*l. What is g(n)?
-21
Let d(h) = h**2 + 10*h - 36. Suppose -74*k - 277 = 685. What is d(k)?
3
Let a(c) = 6*c**2 + 1. Let z be 4 - (-36)/(-6) - (-12 - -2). Let q be (6 - z)/(-2)*(-2 + 3). Calculate a(q).
7
Let b(m) = 2*m - 7. Let p = 493 - 847. Let o = -350 - p. What is b(o)?
1
Let j(r) be the first derivative of 3*r**2 + r + 3187. Let m be (-1)/(0 - (-4)/12). Let w = -5 - m. Determine j(w).
-11
Let m(a) = -2 - 3*a**2 - 4*a + 3*a + 1. Let i(z) = -3*z**2 - 38*z - 91. Let s be i(-30). Let v = s + 1653. Determine m(v).
-15
Let j(h) = -220 + 218 - h - h**2 - 4*h. Let o(l) = -l**2 + 22*l - 45. Let u be o(20). Give j(u).
-2
Let q be -8*(21/(-2) + 11) + (24 - 0). Let c(a) = -a**3 + 21*a**2 - 23*a + 70. Calculate c(q).
10
Let r = 28 + -25. Suppose -9 = -r*d + 3, -5*q - d = 16. Let c(i) = -26 + 12 - i + 15. Calculate c(q).
5
Suppose 166 = 16*p - 2*c, -p - 48 = 4*c - 46. Let x(d) = 2*d**2 - 9*d - 4. What is x(p)?
106
Let i(h) = -53133 + 106279 - 53137 + 7*h. Let c(t) = -6*t - 8. Suppose v + 3*v = 20. Let f(z) = v*i(z) + 6*c(z). Calculate f(4).
-7
Let z(r) = -r**3 - 47*r**2 - 91*r - 62. Suppose -32*o + 71*o + 12960 = -249*o. Calculate z(o).
-17
Suppose 15*x - 18*x - 794 = 2*j, -3*x + 4*j = 788. Let z be 1336/x + 16/264. Let m(w) = -w**2 - 6*w - 11. Calculate m(z).
-6
Let c(y) = y**2 - 846 + 1678 + 6*y - 851. Calculate c(-9).
8
Let o(g) = -g**3 + g**2 + 6. Let r(l) = -6*l - 179. Let x be r(-27). Let w(p) = -21*p - 357. Let a be w(x). Determine o(a).
6
Let b(y) be the first derivative of 14 + 24*y - 1/12*y**4 - 7/2*y**2 - 4/3*y**3. Let r(g) be the first derivative of b(g). What is r(-5)?
8
Let l(a) = -10*a + 200. Let y(g) = -3*g + 73. Let t(o) = 4*l(o) - 11*y(o). Determine t(-10).
67
Let l(w) = -5*w - 1. Let q(k) = 21*k + 7. Let f(u) = -4*l(u) - q(u). Determine f(-6).
3
Let k(g) = -5*g + 36. Let l(a) = -5*a + 44. Let b(x) = -6*k(x) + 5*l(x). Give b(-4).
-16
Let s(m) = -m**3 + 5*m**2 - 4*m + 1. Suppose -3230 = -18*x - 8. Suppose -188 + x = -3*w. Calculate s(w).
7
Let l(m) = m**3 - 2*m + 2. Let p be l(0). Let s(a) = 303*a + 1 + 0 - 304*a - p. What is s(-4)?
3
Let b = 1306 - 1312. Let s(z) = -z**3 - 6*z**2 - z - 19. What is s(b)?
-13
Let r = -8581 + 8602. Let n(y) = 4*y - 82. What is n(r)?
2
Let r(i) = -28*i. Let l(d) = -d. Let s(u) = -63*l(u) + 2*r(u). Let b = 5 + 3. Suppose 0 = -2*h - 12 + b. Give s(h).
-14
Suppose 0 = -380*m + 114*m - 976 + 178. Let s(r) = -r**3 - 5*r**2 - 3*r. Calculate s(m).
-9
Let a(h) = -h**3 - 4*h**2 - 2*h - 3. Let j(z) = 11*z - 64 + z - 18*z. Let l be j(-10). What is a(l)?
5
Suppose y + 7 = -2*t - t, 25 = -5*t + y. Let p = t + 6. Let o(q) be the third derivative of q**5/30 - q**4/8 + q**3/6 + 108*q**2 + q - 4. Give o(p).
3
Let c(d) be the second derivative of d**4/12 - d**3/3 + 3*d**2 - 70*d. Let l(j) be the first derivative of c(j). What is l(2)?
2
Suppose 0 = 4*k + t + 17, 0 = -7*k + 3*k - 5*t - 21. Let l(s) be the first derivative of -s**2/2 + 3*s + 1. Give l(k).
7
Let y(o) = o**3 + 7*o**2 + 7*o + 6. Let n(j) = -13*j + 36. Let f be n(11). Let b = f + 102. Determine y(b).
21
Let g(z) = -221*z + 58*z + 162*z - 75. Give g(0).
-75
Let p(f) = 281*f - 2494. Let n be p(9). Let q(o) = o**3 - 34*o**2 - 38*o + 110. Determine q(n).
5
Let a(c) = -7*c - 2*c**2 - 4 + 7*c**2 + 129*c**3 - 128*c**3. Suppose -f + 4*b = 8*b + 5, 5*f + 5*b = -85. Let x(d) = -d - 27. Let p be x(f). Determine a(p).
2
Let j(u) be the first derivative of 2*u**2 - 1/4*u**4 - 82 - 2/3*u**3 - 5*u. Calculate j(-4).
11
Let j be (6 - (-3 + 9)) + -3. Let l(y) be the third derivative of -y**6/120 - y**5/20 + y**4/6 + 4*y**2. Calculate l(j).
-12
Let u(d) = -45*d - 578. Let w be u(-13). Let b(h) = -h**3 + 8*h**2 - 10*h + 19. What is b(w)?
-2
Let z(x) = -2*x**3 - 9*x**2 + 3*x - 14. Let d(g) = -41*g - 1563. Let f be d(-38). Give z(f).
-4
Let j be (50/4)/(40/32). Let a(f) = -4 + 2 - 24*f - 1 + 16*f + j*f. Give a(-2).
-7
L